{"id":28,"date":"2019-01-12T14:56:29","date_gmt":"2019-01-12T13:56:29","guid":{"rendered":"http:\/\/xn--blckbox-6wa.ch\/?page_id=28"},"modified":"2025-01-19T20:16:57","modified_gmt":"2025-01-19T19:16:57","slug":"ueber-mich","status":"publish","type":"page","link":"https:\/\/xn--blckbox-6wa.ch\/?page_id=28","title":{"rendered":"\u00fcber uns"},"content":{"rendered":"<p>Willkommen auf der&nbsp;<strong>BL<\/strong><span class=\"auto-style6\"><strong>\u00e4<\/strong><\/span><strong>CKBOX<\/strong>&nbsp;Website.<\/p>\n<p>Wir sind eine Kleinformation, die ausschliesslich w\u00e4hrend der Fasnacht anzutreffen ist. Gegr\u00fcndet 2009 zum Zweck der Fasnachtsbereicherung und aus reinem Vergn\u00fcgen an der Sache.<\/p>\n<p>Wir freuen uns wieder r\u00fc\u00fcdig auf tolle und spontane Gigs an der Fasnacht. W\u00e4re sch\u00f6n, Dich bei einem unserer Auftritte zu sehen.<\/p>\n\n\n<p class=\"has-text-align-center\"><strong><em>Die&nbsp;BL\u00e4CKBOX Truppe&nbsp;<\/em><\/strong><\/p>\n\n\n\nngg_shortcode_0_placeholder\n\n\n\n<figure class=\"wp-block-gallery columns-0 is-cropped has-nested-images columns-default wp-block-gallery-1 is-layout-flex wp-block-gallery-is-layout-flex\"><ul class=\"blocks-gallery-grid\"><\/ul><\/figure>\n","protected":false},"excerpt":{"rendered":"<p>Willkommen auf der&nbsp;BL\u00e4CKBOX&nbsp;Website. Wir sind eine Kleinformation, die ausschliesslich w\u00e4hrend der Fasnacht anzutreffen ist. Gegr\u00fcndet 2009 zum Zweck der Fasnachtsbereicherung und aus reinem Vergn\u00fcgen an der Sache. Wir freuen uns<\/p>\n<p class=\"more-link\"><a href=\"https:\/\/xn--blckbox-6wa.ch\/?page_id=28\" class=\"readmore\">Continue reading<span class=\"screen-reader-text\">\u00fcber uns<\/span><\/a><\/p>\n","protected":false},"author":1,"featured_media":1050,"parent":0,"menu_order":0,"comment_status":"closed","ping_status":"closed","template":"","meta":{"ngg_post_thumbnail":0,"jetpack_post_was_ever_published":false,"footnotes":""},"class_list":["post-28","page","type-page","status-publish","has-post-thumbnail","hentry"],"jetpack_sharing_enabled":true,"jetpack_shortlink":"https:\/\/wp.me\/PaFhNr-s","_links":{"self":[{"href":"https:\/\/xn--blckbox-6wa.ch\/index.php?rest_route=\/wp\/v2\/pages\/28","targetHints":{"allow":["GET"]}}],"collection":[{"href":"https:\/\/xn--blckbox-6wa.ch\/index.php?rest_route=\/wp\/v2\/pages"}],"about":[{"href":"https:\/\/xn--blckbox-6wa.ch\/index.php?rest_route=\/wp\/v2\/types\/page"}],"author":[{"embeddable":true,"href":"https:\/\/xn--blckbox-6wa.ch\/index.php?rest_route=\/wp\/v2\/users\/1"}],"replies":[{"embeddable":true,"href":"https:\/\/xn--blckbox-6wa.ch\/index.php?rest_route=%2Fwp%2Fv2%2Fcomments&post=28"}],"version-history":[{"count":24,"href":"https:\/\/xn--blckbox-6wa.ch\/index.php?rest_route=\/wp\/v2\/pages\/28\/revisions"}],"predecessor-version":[{"id":1143,"href":"https:\/\/xn--blckbox-6wa.ch\/index.php?rest_route=\/wp\/v2\/pages\/28\/revisions\/1143"}],"wp:featuredmedia":[{"embeddable":true,"href":"https:\/\/xn--blckbox-6wa.ch\/index.php?rest_route=\/wp\/v2\/media\/1050"}],"wp:attachment":[{"href":"https:\/\/xn--blckbox-6wa.ch\/index.php?rest_route=%2Fwp%2Fv2%2Fmedia&parent=28"}],"curies":[{"name":"wp","href":"https:\/\/api.w.org\/{rel}","templated":true}]}}